-15008. What is the units digit of u?
9
Let d = -1692 + 2236. What is the tens digit of d?
4
Let y(n) = -83*n**3 + 9*n**2 + 20*n + 6. What is the tens digit of y(-2)?
6
Let u be (1 - -406) + -14 + 17. Suppose 38*q - u = 33*q. What is the tens digit of q?
8
Let p(z) = z. Let i be p(5). Suppose q + 2*q + i*f = 121, -q - f + 41 = 0. What is the units digit of q?
2
Let o(y) = -442*y - 35. What is the tens digit of o(-2)?
4
Let n = -36 - -45. What is the units digit of -1*n/(18/(-92))?
6
Let a(r) be the third derivative of 5/6*r**3 + r**2 + 0*r - 1/8*r**4 + 0. What is the units digit of a(-4)?
7
Suppose f - 5*w - 39 = 0, 4*f - 3*w - 2*w - 201 = 0. Suppose -f = -2*l - l. Let v = l + -14. What is the units digit of v?
4
Let f(j) be the third derivative of -j**5/60 - 13*j**4/24 + 3*j**3 - 6*j**2. Let o be f(-14). Suppose -o*n - 3*n + 105 = 0. What is the tens digit of n?
1
Suppose 0 = 113*f - 108*f - 6640. What is the units digit of f?
8
Let c = 437 + -256. What is the units digit of c?
1
Let a(q) = -4 + 2*q + 2 - 3. Let t be a(4). Suppose t*l + x - 5*x - 67 = 0, -3*l + 5*x = -65. What is the tens digit of l?
2
Let l = 15 - 10. Suppose -l*m + 436 = -n, -4*n - 248 = -3*m - 0*m. Suppose 0 = -4*y - 4*d + m, 4*y = 3*y + d + 20. What is the units digit of y?
1
Suppose 5*l - 340 = 670. What is the units digit of l?
2
Suppose 5*m - 46 - 4 = 0. What is the tens digit of (0*(-2)/8 - -1)*m?
1
Suppose 0*z + 2*z + 24 = 0. What is the units digit of z/(-8)*(-140)/(-3)?
0
Let p(k) = k**2 - 3*k - 11. What is the tens digit of p(-8)?
7
Suppose -9*j + 2514 = -762. What is the units digit of j?
4
Suppose 8*j + 34 = 10*j. Let v(q) = q**2 - 18*q + 18. What is the units digit of v(j)?
1
Let q(a) = -a**2 + 2*a - 4. Let j be q(6). Let t = j - -30. What is the tens digit of t/(-9) + (-1032)/(-27)?
3
Suppose 0 = 4*z + 9 + 35. Let y(w) = -w**3 - 9*w**2 + 12*w + 9. Let j be y(z). Let n = j - 65. What is the units digit of n?
4
Let s = 8 - 4. Suppose 0 = -2*k - 8, 0*k = -c - s*k - 276. What is the tens digit of (c/15)/((-4)/6)?
2
Let a(p) = -5*p + 1. Let y(t) = -17 + 6 + t + 11. Let s(q) = -a(q) - 2*y(q). What is the units digit of s(3)?
8
Suppose -1690 = -27*y + 1550. What is the tens digit of y?
2
Let y(s) = s**3 + 4*s**2 + s + 6. Let r be y(-5). Let n = r + 9. What is the units digit of (-1 - 1)/(3/n)?
0
Let q be 4 + -1 + -11 + 5. Let k = q + 7. What is the units digit of 2/k*(103 + 3)?
3
Let a(d) = 2*d**3 + 7*d**2 + 8*d - 9. Let y be a(4). Let q = y - 9. What is the hundreds digit of q?
2
Suppose -3*f + 453 = -3. What is the hundreds digit of f?
1
Let a(h) = -2*h**3 - 16*h**2 + 15*h + 12. Let q be a(-10). Let f = q - 171. What is the tens digit of f?
9
Let x = 0 + 6. Let g(k) = x*k**2 + 2 - k**2 - 4*k**2 + 1. What is the units digit of g(0)?
3
Let c = 283 + -64. What is the tens digit of c?
1
Suppose 8*t = 16*t - 240. Suppose -a + t = 2*f, -a + 6*a + 26 = f. What is the tens digit of f?
1
Let s(c) = 2*c**3 - c**2 + 1. Let f be s(1). Suppose 7*x - 5*m = f*x + 15, -x - m + 7 = 0. Let k = x - 4. What is the units digit of k?
1
Let z = 62 + -57. Suppose 0 = -y - z*y + 426. What is the units digit of y?
1
Suppose v - 1824 = 3*v. Let i = 640 + v. What is the tens digit of (1/2)/((-8)/i)?
1
Suppose 4*f + 568 = 4*w, -3*w - 541 = 4*f + 2*w. Let q = f - -343. What is the units digit of q?
4
Let f be 0 + 3 + (5 - 6) - -6. Suppose -3*s - 60 = -f*s. What is the tens digit of s?
1
Suppose -5*d + 1 = -5*o + 2*o, 0 = -2*o - 2*d + 10. Suppose -331 = -o*c + 2*y - 0*y, -5*y - 328 = -3*c. What is the tens digit of c?
1
Let g(y) = -822*y**3 - y**2 - y. Let h be g(-1). Suppose -4*s - 2*j = -s - 817, -3*s + h = -3*j. What is the hundreds digit of s?
2
Let f be (-4036)/(-10) + (-2)/(30/9). Suppose -10*i + 947 = -f. What is the units digit of i?
5
Let s be -7 + 4 + 6 + -11. What is the units digit of 7*9/((-36)/s)?
4
Let z be 4/6 - (-240)/18. Suppose -z = -3*m + 2*i, 4*m - m - 3*i - 15 = 0. Suppose -2*j + 45 = -k, -m = 5*j - k - 121. What is the units digit of j?
4
Let d be (3/(-6))/((-1)/6). Suppose 0 = 2*q - 4*s - 40, -2*q + 100 = 3*q - d*s. What is the tens digit of q?
2
Suppose 0*n + 63 = -7*n. What is the hundreds digit of ((-309)/n)/(3/9)?
1
What is the tens digit of (-7)/21*(3 - 1377)?
5
Suppose 2*y = -3*k + 590, 10*k - y + 589 = 13*k. What is the tens digit of k?
9
Let k(t) = 189*t - 41. Let a be k(4). Suppose -4*l + 561 = -3*y, 5*l - a = -3*y + 4*y. What is the hundreds digit of l?
1
Let h(p) = p**3 + 12*p**2 - 15*p - 15. Let t be h(-13). Let o(z) = 3*z + 15. Let y be o(t). Suppose -y = 3*x - 6*x. What is the units digit of x?
6
Suppose -y = y - 12. Suppose 5*z - 13 = y*z. What is the tens digit of (z/(-39))/(2/174)?
2
Let s = 56 + -35. Suppose 4*m - 5*i = -s, 0*m + 27 = 2*m + 5*i. What is the units digit of m?
1
What is the thousands digit of 28195/2*420/1050?
5
Suppose -5*m - k - 135 = 3*k, -k - 97 = 4*m. Let q = m - -27. Suppose -2 = -2*f, 5*p - 124 + 15 = -q*f. What is the tens digit of p?
2
Let n(r) = r**3 - 13*r**2 + 9*r + 9. What is the units digit of n(16)?
1
Let f(o) = -265*o + 234. What is the hundreds digit of f(-17)?
7
Suppose 0 = 4*c - z + 4*z + 84, -3*c + 2*z = 63. Let y = c - -6. Let f = y - -35. What is the units digit of f?
0
Suppose -2*c - 140 = 3*c. What is the units digit of (-465)/(-7) + 12/c?
6
Suppose 86 - 548 = -g. What is the hundreds digit of g?
4
Suppose -4*o + 93 = -459. What is the hundreds digit of o?
1
Let l(p) = p**3 + 3*p**2 - 1. Let q be (-32)/18 + (-4)/18. Let y be l(q). What is the tens digit of 15/10*28/y?
1
Let i(a) = 67*a**2 - 8*a + 7. Let j be i(4). Suppose -3*g + 642 = -4*x, -4*g + x - j = -9*g. What is the hundreds digit of g?
2
Suppose -c + 1 = 0, 6*b - 8*b - 2*c + 300 = 0. Suppose b = y - 146. What is the units digit of y?
5
Suppose 1324 + 5228 = 4*y. What is the tens digit of y?
3
What is the hundreds digit of 564 - (4 + 4 + -13)?
5
Suppose 13*h = 12*h - 259. Let z = h - -367. What is the tens digit of z?
0
Suppose 0 = -23*a - 44*a + 417209. What is the units digit of a?
7
Suppose 35*b - 23775 = 20*b. What is the units digit of b?
5
What is the units digit of 244*2 - (3 + 0 - 1)?
6
Let u = 5 + -19. Let i = 0 - u. Let y = i + 1. What is the units digit of y?
5
Let y(s) = s**3 + 10*s**2 + 4*s - 18. Let n be y(-8). Let w = 252 - n. What is the units digit of w?
4
Suppose -35*n + 55*n = 13620. What is the hundreds digit of n?
6
Suppose 6*m = -5*h + 3*m + 2128, 0 = -4*h - 3*m + 1703. What is the units digit of h?
5
Suppose 0 = -4*x - 4*z + 3820, -z + 6707 = 7*x - 5*z. What is the tens digit of x?
5
Let x be -2*((-36)/8 - -3). Suppose -x*c + 2*i = -0*i - 6, -2 = -c - 4*i. Suppose c - 23 = -3*q. What is the units digit of q?
7
What is the tens digit of (-213826)/(-95) + (-38)/10 + 3?
5
What is the tens digit of (4 - 3/(-6))*140/15?
4
Let k(j) = 38*j**2 - 10*j + 28. Let c(b) = -13*b**2 + 3*b - 10. Let s(v) = 11*c(v) + 4*k(v). Let r be 9/(-2)*2/(-3). What is the tens digit of s(r)?
6
Let u = -111 - -158. What is the units digit of u?
7
Let u(f) = -7*f**3 + 2*f - 1. Let a be u(-2). Let x = a - -1. What is the tens digit of x?
5
Let t = 239 + -234. What is the units digit of t?
5
Let v = -407 + 5009. What is the hundreds digit of v?
6
Suppose -p - 3*p + 20 = 0. Let g be p*(0 - -2)/2. Suppose -g*s = 4*u - 28, -4*u + 4*s - 4 = s. What is the units digit of u?
2
Let y = 6095 + -2022. What is the units digit of y?
3
Suppose -z = 0, -3*t - 5*z + 267 = -57. What is the units digit of t?
8
Let x = 28 + -25. Suppose k - 106 = 2*w - 4*w, -x*w + 145 = -2*k. What is the tens digit of w?
5
Let l = -280 + 655. Let h = l - 98. What is the hundreds digit of h?
2
Let y(n) = -n**3 + 6*n**2 + 1. Let d be y(5). Suppose 2*r + d = -6. What is the units digit of (r/6)/((-8)/36)?
2
Let h = -1458 - -2080. What is the units digit of h?
2
Suppose -163*l = -176*l + 4550. What is the tens digit of l?
5
Let x be 374/99 + 4/18. Suppose -10 = x*k + 2. Let b = k - -20. What is the units digit of b?
7
Suppose 4*f + 2559 = 5*d, -318 = 3*d - 3*f - 1854. What is the units digit of d?
1
Let c(g) = 5*g + 1. Let d be c(1). Let y(s) = s**3 - 5*s**2 + 5*s - 5. Let m be y(5). Suppose d*k - m = 4*k. What is the units digit of k?
0
Let y(s) = 37*s - 138. What is the hundreds digit of y(7)?
1
Sup